s digit of a?
8
Let x(c) = c**2 + 34*c + 206. What is the units digit of x(-29)?
1
Let f be (2536/16)/(2/4). Suppose 5*a - 315 = -5*v, -4*a = -4*v + f - 97. Let q = 37 + v. What is the tens digit of q?
9
Suppose -k - 4 = -x, 20 = 5*x + k - 4*k. What is the hundreds digit of 740/x + 2 - -3?
1
Let y(r) = 32*r**2 + r + 6 - 37*r**2 + 6*r**3 + 3*r**3. Let f be y(2). Suppose l = -3*a + f, 0 = 4*l - 5*a - 166 - 74. What is the units digit of l?
0
Let i = -185 + 201. Let g(w) = -w**2 + 25*w + 10. What is the units digit of g(i)?
4
Suppose 24876 = -21*y + 17258 + 81937. What is the hundreds digit of y?
5
Suppose 4106 - 193 = w - 2*b, -4*b = -4*w + 15656. Suppose -7*g = 8*g - w. What is the units digit of g?
1
Let v be 9/(45/(-152)) - (-2)/5. Let h be 2/((-2)/3) + (v - 2). Let t = h + 75. What is the tens digit of t?
4
Suppose -4815 = 6*s - 20*s + 244539. What is the ten thousands digit of s?
1
Let n = 13 - 13. Suppose 3*b - 3*d + 4*d - 7 = 0, 5*d - 5 = n. Suppose b*a + y - 234 = 0, 0*y = y + 2. What is the tens digit of a?
1
Suppose -7*c + 6*c + 20 = -4*q, -4*q - 4 = c. Suppose g + 5*k = 190, 0 = -4*g - 3*k + c*k + 760. What is the units digit of g?
0
Suppose 2*y + o - 77157 = 2*o, 38583 = y + o. What is the ten thousands digit of y?
3
Suppose 0*h + 6*h = 504. Suppose 0 = 2*r - 8 - 622. Let w = r - h. What is the tens digit of w?
3
Let z(n) = 3*n**3 - 249*n**2 - 444*n - 287. What is the thousands digit of z(86)?
8
Let p = 1935 + 869. What is the tens digit of p?
0
Suppose 33*o - 38*o + 24895 = -15. What is the hundreds digit of o?
9
Let a = -79 - -101. Suppose -b = -4, a + 34 = -2*t - 4*b. Let p = 43 - t. What is the tens digit of p?
7
Let q = 6432 - -17021. What is the tens digit of q?
5
Let f(y) = -y + 3. Let z(a) = -a + 2. Let h(t) = -5*f(t) + 4*z(t). Let w be h(7). Suppose -4*b + 694 = -v - v, w = -b - 4*v + 169. What is the tens digit of b?
7
Suppose 3*q = 2*y + 8, 0 = 4*q + 6 - 22. What is the units digit of -16 - -557 - (0/y + -5)?
6
Suppose -4*q + 19 = 5*t - 25, t = 5*q - 26. Let i(p) = -p**3 + 8*p**2 - 13*p - 2. Let j be i(q). Let k = -6 - j. What is the units digit of k?
2
Suppose 0 = -6*q + 5671 + 39089. Suppose q = -4*z - 3*g - 0*g, -5*z - 4*g = 9324. What is the tens digit of z/(-20) + (-2)/5?
9
Suppose f + 0*f - 3*x = 17, -x = -f + 11. Suppose 11*a = f*a + 6. Suppose 4*g = 0, 0*g + g = -a*j + 126. What is the tens digit of j?
6
Let k(y) = 3*y + 39. Let u be k(26). Let d = 224 - u. What is the tens digit of d?
0
Let s(i) = 2*i - 25*i**3 - 6 + 10*i**3 - 9*i - 2*i**2 + 11*i**2 + 14*i**3. Suppose 3*z - 4*l - 4 - 12 = 0, -2*l = -5*z + 36. What is the units digit of s(z)?
2
Suppose 42*h - 77088 - 177264 = 0. What is the hundreds digit of h?
0
Let j(w) = -w**3 + 15*w**2 + 18*w - 30. Let n be (16/(-12))/(6/(-72)). Let o be j(n). What is the units digit of -6*(-34 - 6/o)?
2
Suppose -5*s - 5*f + 2420 = 0, 7*s - 9*s + 5*f = -989. What is the tens digit of -1 - s*7/(-7)?
8
Suppose -71 = -4*d - 5*r + 199, -5*r = -3*d + 220. What is the tens digit of ((-714)/(-3))/(28/d)?
9
Suppose -41*h + 39*h = -6. Let r = 11 + -15. What is the tens digit of 156*(13/h + r)?
5
Suppose -4*s + z + 4*z = -14, 4*z = 24. Let j(t) be the second derivative of t**4/6 - 2*t**3 + t**2 + t. What is the hundreds digit of j(s)?
1
Let k = 122364 + -84995. What is the hundreds digit of k?
3
Let m(l) = -l**3 + 3*l**2 - 7*l. Let r be m(5). Let g = 1705 + -1372. Let z = g + r. What is the units digit of z?
8
Let q be (-395)/(-4) + 9/(-12) - -2. Suppose -118*p = -q*p - 27432. What is the units digit of p?
4
Let l = 77 - 73. Let b(z) = l*z**2 - 2*z - 7*z - 3*z + 25 - z. What is the units digit of b(6)?
1
Suppose -3*w + 7 + 2 = 0. Suppose -3*a + 5*d - 6 = 3*d, 4*a - w*d = -9. Let l(b) = b**2 - 2*b + 56. What is the tens digit of l(a)?
5
Let t(u) = -15 + 5*u + 15 + 21. Let v be t(-4). What is the tens digit of -110*v/(-2)*1?
5
What is the tens digit of ((-30)/8)/(501/(-368068))?
5
Let o be -46 - 2/5*-5. What is the hundreds digit of 8/44 - 8396/o?
1
Suppose -4*i + 4*u = 244, i - 3*i - 5*u - 87 = 0. Let t = -52 - i. Suppose -t*j = -114 - 242. What is the units digit of j?
9
Suppose -7*p + 0 = -7. Suppose 3*a + 13 = 2*u, 2*u - p - 8 = -a. Suppose 4*v - u*v = -41. What is the units digit of v?
1
Let t(y) = 4*y**3 - 2*y**2 - 10*y + 2. Let q be t(-3). Let w = q - -99. Suppose 342 = 4*m + f, -w*m - 2*f + 431 = f. What is the tens digit of m?
8
Let r be (1 - 3/(-12)) + 15/20. Suppose r*u - 540 = -40. What is the tens digit of u?
5
Let z = 1539 - 1017. Let r = z + -499. What is the units digit of r?
3
Suppose 3*k + 4*i = 37381, -30*k + 62296 = -25*k + i. What is the thousands digit of k?
2
Let c(g) = 18*g**2 + 47*g - 5. Let u(j) = -20*j**2 - 47*j + 4. Let l(i) = 3*c(i) + 2*u(i). What is the tens digit of l(-8)?
1
Suppose -42*a + 1509 = -6765. Suppose -j - 10 + 223 = 3*h, -5*h = -j + a. What is the tens digit of j?
0
Suppose 0 = -3*l + 4*d + 19501, -3*d + 25968 = 2*l + 2*l. What is the hundreds digit of l?
4
Suppose 5*l + 2*i + 404 = 0, 3*l - 2*l - 4*i + 72 = 0. Let p = l - -84. Suppose 165 = p*g - 5*v - 552, 2*g - 5*v = 371. What is the hundreds digit of g?
1
Let l(w) = w**3 + 10*w**2 + 10*w + 7. Let m be l(-9). What is the tens digit of (-3 - m)*4*-91?
6
Suppose -2*k + 17689 - 5231 = 0. What is the units digit of k?
9
Let o(z) = -38*z**2 - 2*z - 9. Let s(g) = -19*g**2 - g - 4. Let r(c) = -3*o(c) + 5*s(c). Let q be r(-5). Suppose -q = -4*i - 165. What is the units digit of i?
8
Let j(v) = -v**2 + 11*v - 7. Let q be j(10). Suppose -d - 21 = -q*n + 2*d, -3*d + 3 = n. Suppose 54 = -n*m + 15*m. What is the units digit of m?
6
Let y(n) = -4*n**3 - 39*n + 3*n**3 + 19518*n**2 - 19552*n**2 + 28. What is the tens digit of y(-33)?
2
Suppose 47*n = 135 - 41. What is the tens digit of (-63408)/(-336) + n/7?
8
Let r = 55 - 50. Suppose -r*b = 4*t - 486, 3*t = -4*b + 105 + 283. Suppose -190 - b = -2*l. What is the tens digit of l?
4
Let u(j) = -420*j - 18. What is the hundreds digit of u(-1)?
4
Let q = -205 - -435. Suppose 0 = 3*d - 4*r - q, 3*r = 2 + 1. Suppose 2*g - 101 = -w, 2*w - d = -5*g + 125. What is the units digit of w?
9
Let s be (2 - 5)/((-5)/(-4 + 9)). Suppose -4*w = s*u - 792, -3*w = -7*w - 5*u + 800. Let r = w - 57. What is the hundreds digit of r?
1
Suppose -3*f - u = 262, u + 163 = -2*f - 2*u. Let a = f - -91. Suppose -w + 22 = -4*d, -5*w - a*d = -31 - 35. What is the tens digit of w?
1
Let o(m) = -m - 4. Let r be o(-3). Let g be 3/(-7) - r/((-28)/(-1468)). What is the units digit of (-13)/(g/(-75))*16/3?
0
What is the hundreds digit of (11 - 5) + 270/(-75)*-2015?
2
Suppose o = 4*r + 3 - 0, 0 = -r. Suppose -1785 = -o*g - 4*g. What is the units digit of -3*(-2)/15*g - 1?
1
Suppose -3*m = -4*f + 2*f + 12634, f + 4*m - 6317 = 0. What is the hundreds digit of f?
3
Let h = 1255 - -95. Suppose -5*x + 4*g + h = 0, -g = -4*x - 0*g + 1091. What is the tens digit of x?
7
Let j be (2 - 20/12)/((-1)/(-12)). Suppose -17 + 3 = -j*y - 2*o, 0 = -2*o - 2. Suppose -693 - 171 = -y*v. What is the hundreds digit of v?
2
Suppose -1 = x + 3*z - 8, 2*x = -4*z + 6. What is the units digit of ((-705)/10 + x)*-6?
3
Let a be (-3 - 32/(-4))/1. Suppose -4*u + 1305 = -a*j, 2*j + 984 = 3*u - 0*j. Let k = -118 + u. What is the hundreds digit of k?
2
Suppose 5*x + a - 23053 - 21282 = 2*a, 0 = -2*a. What is the thousands digit of x?
8
Let x(j) = 2107*j**2 + 107*j - 459. What is the tens digit of x(4)?
8
Suppose 47*f = 42*f + 4*o + 515, 2*f - o - 206 = 0. What is the hundreds digit of f?
1
Let m(j) = 4*j**3 + 221*j**2 + j + 217. What is the hundreds digit of m(-16)?
3
Let d(j) = 615*j**2 + 94*j + 643. What is the hundreds digit of d(-7)?
1
Suppose -391*a - 893210 + 11100334 + 4429570 = 0. What is the hundreds digit of a?
4
Suppose -350 = -4*p + 342. Suppose -5*g - t - 77 = p, 5*g + 250 = 5*t. Let d = -22 - g. What is the tens digit of d?
2
Suppose 87*v + 124*v = 55*v + 386568. What is the thousands digit of v?
2
Let u(f) = 28*f - 120. Let s be u(34). Let g = s - 704. What is the hundreds digit of g?
1
Let c(s) be the first derivative of -19 + 39/2*s**2 - 3*s. What is the tens digit of c(3)?
1
Suppose -597*v + 3*b = -600*v + 16428, -2*b = -4. What is the hundreds digit of v?
4
Let j = -32531 - -47904. What is the ten thousands 